
Let t(z) = -91*z**3 - 2*z**2 + 3*z + 19. What is the hundreds digit of t(-3)?
4
Suppose -o = -4*i + 6 + 2, 0 = 5*o + i + 19. Let j = o + 17. Suppose 9*q - j*q = -212. What is the units digit of q?
3
Suppose -13*u = 53*u - 562508 - 670966. What is the hundreds digit of u?
6
Let b(x) = 3 - x + 13 + 11 + 3*x. Let y be b(6). Let j = y + -21. What is the units digit of j?
8
Suppose -a = 2*y - 137, -29*y + 71 = -28*y + 3*a. What is the units digit of 34/y + 3710/4?
8
Let h(n) = 8*n - 77. Let y be h(-20). Let b = -97 - y. What is the units digit of b?
0
Suppose -3 = -v + 1. Suppose 2*g - v*x + 303 = 3*g, 3*g - x - 844 = 0. What is the hundreds digit of g?
2
Suppose 0 = -3*u - 9, 3*u - 4*u = 5*z - 11777. Suppose 4*r - d - 2937 = -r, 0 = -4*r + 4*d + z. What is the tens digit of r?
8
Let f = -254 + 39. Let g = 297 + f. What is the units digit of g?
2
Let a be (39492/(-33))/(-4) - 4/22. Suppose -3*h + 223 = 4*j, -2*h = -6*h - 5*j + a. What is the units digit of h?
1
Suppose q - 65298 = 11*c, 2*q + 130560 = 4*q - 4*c. What is the tens digit of q?
7
Let w = -93 + 137. Suppose t = 5*t + 28. Let a = w + t. What is the units digit of a?
7
Let f(c) = -c**3 - 2*c**2 + 3*c - 9. Let n be f(-6). Let t(s) = -s**2 + 21*s + 82. Let h be t(24). Suppose -n = y - h*y. What is the tens digit of y?
1
Let k be (9/(-6))/((-21)/(-14)). What is the tens digit of 2/(((-2)/317)/k)?
1
Let f(c) = 190*c**2 + 130*c - 20. What is the hundreds digit of f(-6)?
0
Let d = 990 - 90. Suppose 0 = -28*b + 31*b - d. What is the hundreds digit of b?
3
Suppose -78338 = -3*j - 2*u - 20585, 2*j = u + 38516. What is the thousands digit of j?
9
Let i be 1 + 696/(-30)*10/(-4). Let y = i + -54. Suppose 758 - 188 = y*v. What is the units digit of v?
4
Let r(n) = 5*n + 25*n + 31*n + 66. What is the units digit of r(8)?
4
Suppose -2*m = -21 + 7. Let s = 71 - 71. Suppose 2*c - m*c = s, -2*q - 5*c = -172. What is the units digit of q?
6
Let b be (-6)/45 + 838/(-15). Let r = 167 + b. Let j = r - 17. What is the tens digit of j?
9
Let r be 7 + (-2 - -5) + (2 - 4). Suppose r*u - 38 - 74 = 0. What is the units digit of -1 - -24*(0 - u/(-4))?
3
Let a = 20797 + -3121. What is the tens digit of a?
7
Let p(r) = -2*r**3 + 2*r**2 - r + 3. Let u be p(2). Let n be (12/7)/(-1 + (-9)/u). Suppose 0 = 13*d - n - 33. What is the units digit of d?
3
Let a = 16442 - 10057. What is the units digit of a?
5
Suppose -5*o - 3*l + 12269 = 0, 4*o + 0*o + 2*l = 9818. What is the units digit of o?
8
Let h(t) be the first derivative of 6*t + 2/3*t**3 + 4 - 5*t**2. What is the units digit of h(5)?
6
Let o(a) = 2*a**3 - 37*a + 7. What is the hundreds digit of o(15)?
2
Let o = 506 - 503. Suppose -2*k + d + 1131 = 0, 0 = -k + o*d + 14 + 539. What is the units digit of k?
8
Let z be (-4059)/164 - 3*2/(-8). Let n(l) = -l - 24. Let b be n(z). Suppose -5*j - 5*q + 550 = b, 4*j + 145 - 580 = -5*q. What is the hundreds digit of j?
1
Let m(j) = 5213*j**3 - 4*j**2 + j + 1. Let k be m(1). Suppose 28*z - z = k. What is the hundreds digit of z?
1
Let m(j) be the first derivative of 3*j + 5 + j**3 - 5/2*j**2 + 7/2*j**4. What is the units digit of m(2)?
7
Let c(v) = 1161*v**2 - 42*v + 96. What is the units digit of c(5)?
1
Let u(l) be the second derivative of -l**5/20 + 3*l**4/4 + l**3/2 - 5*l**2/2 + l - 220. Let d(q) = 2*q + 3. Let v be d(3). What is the units digit of u(v)?
2
Suppose -1975 = 5*h + y, -4*h - 3*y + 2*y - 1580 = 0. What is the hundreds digit of 2/((-2)/h) - (11 + -9)?
3
Suppose 0 = -3*m + 6*m - 687. Suppose m = s - j, 5*s - 471 - 674 = -j. What is the hundreds digit of s?
2
Let f = 18 + 3. Suppose -b + 15 = -4*n - f, 0 = -4*n + 2*b - 40. What is the tens digit of ((-14)/8)/(-7) + (-614)/n?
7
Suppose -2*w - 2*t = -1540, 1051 = 2*w + 3*t - 494. Let o = w + -380. What is the tens digit of o?
8
Let q(o) = -4*o - 1649 + 1649. Let v be q(0). Suppose 2*r + 2*r = -2*b + 930, v = -r - 2*b + 234. What is the hundreds digit of r?
2
Let i(s) = 50*s**3 + s**2 + 3*s - 3. Let n be i(2). Suppose -7*f + n - 127 = 0. What is the hundreds digit of -4*(-75)/f*(-56)/(-3)?
1
Suppose 93*z - 224659 = 140831. What is the units digit of z?
0
Let z(o) = -o**3 + 22*o**2 - 19*o - 36. Let u be z(21). Suppose 2*x + 16 = 4*q, -5*x = -u*q + 3*q - 2. Suppose -q*r = -r - 220. What is the tens digit of r?
4
Let f(l) = l**3 + 33*l**2 + 84*l - 31. What is the hundreds digit of f(-29)?
8
What is the units digit of 92/(-207)*5391/(-2)?
8
Let w be ((-2)/(-3))/((-10)/(-15)). Suppose -4*c + 2*j + 14 = 0, -3*c = -4*j + 1 + w. Let u(z) = 9*z - 45. What is the units digit of u(c)?
9
Let f = -50 + 52. Let k(j) = -12*j**2 - 42*j - 45. Let l(s) = -4*s**2 - 14*s - 15. Let h(d) = f*k(d) - 7*l(d). What is the units digit of h(-8)?
9
Let s = 636 + -924. Let i be (19 - 1488/80)/(888/890 + -1). Let v = i - s. What is the hundreds digit of v?
1
Let y = -51 - -59. Let i be y/52 + -1 + 3352/13. Suppose i + 79 = 6*o. What is the units digit of o?
6
Let f = 5772 + 418. What is the units digit of f?
0
Let r(k) = -k**2 - 17*k + 2. Let g be r(-16). Suppose -g*z = -2*z - 5952. What is the tens digit of z?
7
Let q(z) = 12*z**2 - 12*z - 21. Let d be q(-3). Let j = 432 + d. What is the tens digit of j?
5
Let v = 18 - 35. Suppose 9*x + 405 = -0*x. Let w = v - x. What is the tens digit of w?
2
Let r(u) = -57 - 12*u + 72 - 15*u**2 + 26*u**2. Let f be r(8). Let t = f + -436. What is the tens digit of t?
8
Let m be (2 + (0 - 0))*4. Let k be ((-18)/(-35) - m/(-28))*300. Suppose -k = -9*y + 723. What is the units digit of y?
7
Suppose -42 + 62 = -4*n. What is the units digit of (-1 + (-3 - n))*239?
9
Suppose 0 = 5*p + 2*h - 102610, -12*p = -13*p - 3*h + 20535. What is the hundreds digit of p?
5
Let r = 11 - 8. Suppose -r*q + 1204 = q. Let c = -140 + q. What is the tens digit of c?
6
Let x(y) = 154*y + 3. Let c be x(1). Let n = -289 + c. Let q = n + 311. What is the hundreds digit of q?
1
Let q(x) = 250*x**3 - 38*x**2 - 8*x + 2. What is the units digit of q(5)?
2
Let g(m) = -3*m + 88. Suppose 38 = -4*u - 58. What is the hundreds digit of g(u)?
1
Let c(j) = -186*j - 24. Let q = -474 - -473. What is the units digit of c(q)?
2
Let p(h) = 4*h - 2. Let i(d) = d**2 + 1. Let a(f) = 5*i(f) + p(f). Let j be a(4). Suppose -4*k + j = -461. What is the tens digit of k?
4
Suppose 0 = 10*i + 150 - 560. Let x = -44 + i. What is the tens digit of (-158)/(-3)*(9/(-2))/x?
7
Let i(k) = -k**3 - 11*k**2 + 16*k - 932. What is the ten thousands digit of i(-36)?
3
Suppose -22*a + 48974 = 618. What is the hundreds digit of a?
1
Suppose -1 = -2*m + 5, -21 = v + 3*m. Let j = 311 - v. What is the units digit of j?
1
Let l = -181 - -190. Suppose -l*v = -10*v + 383. What is the units digit of v?
3
What is the units digit of (4995/(-108) + -14)/(1/(-92))?
3
Let n(q) = -4*q + 131. Let a(f) = 3*f + 132 - f - 4*f - 3*f. Let k(i) = 4*a(i) - 3*n(i). What is the tens digit of k(0)?
3
Let z(n) = 45*n**2 - 21*n - 615. What is the thousands digit of z(-13)?
7
Let a(c) = 8*c**2 + 16*c + 136. Let p be a(-18). Suppose -p - 3184 = -8*j. What is the tens digit of j?
0
Let m(o) = -o + 25. Let p be m(23). Let z(n) = -n**3 + n**2 + 3. Let a be z(p). What is the units digit of (-5)/(-7) + a - (-1976)/56?
5
Let u(y) = 42*y - 1326. What is the hundreds digit of u(101)?
9
Let c = 1531 + -1077. Suppose 3*j - 746 - c = -2*m, 3050 = 5*m - 5*j. What is the tens digit of m?
0
Let w(j) = j**3 + 6*j**2 + 20*j - 1. Let q be w(-6). Let n = q - -127. What is the units digit of n?
6
Let k = 14278 - -3861. What is the ten thousands digit of k?
1
Suppose 46*a + 99064 - 119747 = 428553. What is the tens digit of a?
6
Let l(s) = 39096*s - 623. What is the thousands digit of l(1)?
8
Suppose k - 5*b = -4*k + 495, 4*k - 369 = -5*b. Let y = k + 374. What is the hundreds digit of y?
4
What is the hundreds digit of 122/((-6)/7*13/((-1053)/9))?
2
Let j(f) = -50 - 65*f**2 + 71*f**2 - 31*f - 222 - 12. What is the units digit of j(-12)?
2
Let y be 49/(6/(2 + 4)). Let a = y - -110. What is the tens digit of a?
5
Let q(h) be the second derivative of 9/2*h**2 + 13/3*h**3 + 0 - 13*h. What is the tens digit of q(2)?
6
Suppose 3*m + 1552 = -f, -m = 4*m - 5. Let t = f - -507. What is the units digit of t/(-12) + (-4)/(-6)?
8
Suppose 193029 = 94*j - 19*j + 36*j. What is the hundreds 